{"id":834,"date":"2020-04-25T23:19:27","date_gmt":"2020-04-26T04:19:27","guid":{"rendered":"http:\/\/solcoinco.com\/?product=resistencia-banda"},"modified":"2024-08-10T03:25:17","modified_gmt":"2024-08-10T08:25:17","slug":"resistencia-banda","status":"publish","type":"product","link":"https:\/\/solcoinco.com\/?product=resistencia-banda","title":{"rendered":"Resistencia Banda"},"content":{"rendered":"<p>Se usa principalmente en la industria del pl\u00e1stico pero se pueden extender su uso a cualquier aplicaci\u00f3n en el calentamiento de cuerpos cil\u00edndricos como Tanques, barriles y partes tubulares de las m\u00e1quinas. En el sector de pl\u00e1stico se usan en m\u00e1quinas inyectoras, sopladoras, extrusoras y entre otras.<\/p>\n<p>La idea principal es la de calentar cualquier cuerpo cil\u00edndrico de afuera hacia adentro para poder transferir calor a cualquier material que se encuentre en el interior de la masa, incluido fluidos corrosivos.<\/p>\n<p>Dentro de este grupo de resistencias WATLOW est\u00e1n las de alta densidad, aisladas en MgO y con cuerpo en acero inoxidable, transfieren el calor uniforme, r\u00e1pido y con una densidad potencia \u00fanica en su dise\u00f1o. Tambi\u00e9n disponibles en loza cer\u00e1mica<\/p>\n<p>Densidad de potencia m\u00e1xima: 100W \/ in2<br \/>\nTemperatura de trabajo m\u00e1xima 760\u00b0C<br \/>\nVoltaje m\u00e1ximo 480Vac<br \/>\nDimensiones de acuerdo a la necesidades del cliente<br \/>\nDiferentes tipos de terminales<br \/>\nOpciones de protecci\u00f3n en coraza o malla de acero SS304<\/p>","protected":false},"excerpt":{"rendered":"<p>Resistencias tipo banda fabricadas seg\u00fan su aplicaci\u00f3n<\/p>\n","protected":false},"featured_media":390,"comment_status":"open","ping_status":"closed","template":"","meta":[],"product_brand":[],"product_cat":[78],"product_tag":[79],"class_list":{"0":"post-834","1":"product","2":"type-product","3":"status-publish","4":"has-post-thumbnail","6":"product_cat-resistencias","7":"product_tag-resistencias","9":"first","10":"instock","11":"shipping-taxable","12":"product-type-simple"},"_links":{"self":[{"href":"https:\/\/solcoinco.com\/index.php?rest_route=\/wp\/v2\/product\/834","targetHints":{"allow":["GET"]}}],"collection":[{"href":"https:\/\/solcoinco.com\/index.php?rest_route=\/wp\/v2\/product"}],"about":[{"href":"https:\/\/solcoinco.com\/index.php?rest_route=\/wp\/v2\/types\/product"}],"replies":[{"embeddable":true,"href":"https:\/\/solcoinco.com\/index.php?rest_route=%2Fwp%2Fv2%2Fcomments&post=834"}],"wp:featuredmedia":[{"embeddable":true,"href":"https:\/\/solcoinco.com\/index.php?rest_route=\/wp\/v2\/media\/390"}],"wp:attachment":[{"href":"https:\/\/solcoinco.com\/index.php?rest_route=%2Fwp%2Fv2%2Fmedia&parent=834"}],"wp:term":[{"taxonomy":"product_brand","embeddable":true,"href":"https:\/\/solcoinco.com\/index.php?rest_route=%2Fwp%2Fv2%2Fproduct_brand&post=834"},{"taxonomy":"product_cat","embeddable":true,"href":"https:\/\/solcoinco.com\/index.php?rest_route=%2Fwp%2Fv2%2Fproduct_cat&post=834"},{"taxonomy":"product_tag","embeddable":true,"href":"https:\/\/solcoinco.com\/index.php?rest_route=%2Fwp%2Fv2%2Fproduct_tag&post=834"}],"curies":[{"name":"wp","href":"https:\/\/api.w.org\/{rel}","templated":true}]}}