{"id":1219,"date":"2021-07-19T11:50:31","date_gmt":"2021-07-19T16:50:31","guid":{"rendered":"http:\/\/solcoinco.com\/?post_type=product&#038;p=1219"},"modified":"2021-07-19T11:54:09","modified_gmt":"2021-07-19T16:54:09","slug":"medidores-de-engranajes-ovalados-de-pequena-capacidad-serie-om","status":"publish","type":"product","link":"https:\/\/solcoinco.com\/?product=medidores-de-engranajes-ovalados-de-pequena-capacidad-serie-om","title":{"rendered":"Medidores de engranajes ovalados de peque\u00f1a capacidad (serie OM)"},"content":{"rendered":"<p>Los medidores de engranajes ovalados de peque\u00f1a capacidad FLOMEC\u00ae OM tienen un rango de flujo aumentado y ofrecen la capacidad de manejar una amplia gama de viscosidades de fluidos con niveles excepcionales de repetibilidad.<\/p>\n<h4><strong>APLICACIONES<\/strong><\/h4>\n<div>\n<ul>\n<li>Aceites<\/li>\n<li>Por lotes<\/li>\n<li>Pinturas a base de aceite<\/li>\n<li>Combustible \u2022 Melaza<\/li>\n<\/ul>\n<\/div>\n<div>\n<ul>\n<li>Fluidos industriales<\/li>\n<li>Diesel<\/li>\n<li>Fluidos limpios<\/li>\n<li>L\u00edneas de alimentaci\u00f3n de productos qu\u00edmicos<\/li>\n<li>Medici\u00f3n de camiones<\/li>\n<li>Aceite combustible Bunker C<\/li>\n<li>Inyecci\u00f3n de aditivos qu\u00edmicos<\/li>\n<\/ul>\n<\/div>","protected":false},"excerpt":{"rendered":"<h4><strong>CARACTER\u00cdSTICAS Y BENEFICIOS<\/strong><\/h4>\n<ul>\n<li>Alta precisi\u00f3n y repetibilidad, lectura volum\u00e9trica directa.<\/li>\n<li>Mide l\u00edquidos de alta y baja viscosidad<\/li>\n<li>No se requiere acondicionamiento de flujo (tramos de tuber\u00eda recta)<\/li>\n<li>Rotores de acero inoxidable (rotor PPS opcional solo para el medidor OM008)<\/li>\n<li>Opci\u00f3n de salida de pulsos en cuadratura y flujo bidireccional<\/li>\n<li>Aprobaci\u00f3n Exd I \/ IIB opcional (ATEX, IECEx)<\/li>\n<li>Solo dos partes m\u00f3viles<\/li>\n<\/ul>\n<p style=\"text-align: center;\"><a class=\"button small default\" href=\"http:\/\/solcoinco.com\/productos\/om-small-data-sheet.pdf\" target=\"_blank\" rel=\"noopener noreferrer\">FICHA DE DATOS DEL PRODUCTO<\/a><\/p>\n<p style=\"text-align: center;\"><a class=\"button small default\" href=\"http:\/\/solcoinco.com\/productos\/catalogo_flomec_gpi.pdf\" target=\"_blank\" rel=\"noopener noreferrer\">BROCHURE\u00a0<\/a><\/p>\n","protected":false},"featured_media":1220,"comment_status":"closed","ping_status":"closed","template":"","meta":[],"product_brand":[],"product_cat":[76,103],"product_tag":[],"class_list":{"0":"post-1219","1":"product","2":"type-product","3":"status-publish","4":"has-post-thumbnail","6":"product_cat-caudal","7":"product_cat-medidores-de-engranaje","9":"first","10":"instock","11":"shipping-taxable","12":"product-type-simple"},"_links":{"self":[{"href":"https:\/\/solcoinco.com\/index.php?rest_route=\/wp\/v2\/product\/1219","targetHints":{"allow":["GET"]}}],"collection":[{"href":"https:\/\/solcoinco.com\/index.php?rest_route=\/wp\/v2\/product"}],"about":[{"href":"https:\/\/solcoinco.com\/index.php?rest_route=\/wp\/v2\/types\/product"}],"replies":[{"embeddable":true,"href":"https:\/\/solcoinco.com\/index.php?rest_route=%2Fwp%2Fv2%2Fcomments&post=1219"}],"wp:featuredmedia":[{"embeddable":true,"href":"https:\/\/solcoinco.com\/index.php?rest_route=\/wp\/v2\/media\/1220"}],"wp:attachment":[{"href":"https:\/\/solcoinco.com\/index.php?rest_route=%2Fwp%2Fv2%2Fmedia&parent=1219"}],"wp:term":[{"taxonomy":"product_brand","embeddable":true,"href":"https:\/\/solcoinco.com\/index.php?rest_route=%2Fwp%2Fv2%2Fproduct_brand&post=1219"},{"taxonomy":"product_cat","embeddable":true,"href":"https:\/\/solcoinco.com\/index.php?rest_route=%2Fwp%2Fv2%2Fproduct_cat&post=1219"},{"taxonomy":"product_tag","embeddable":true,"href":"https:\/\/solcoinco.com\/index.php?rest_route=%2Fwp%2Fv2%2Fproduct_tag&post=1219"}],"curies":[{"name":"wp","href":"https:\/\/api.w.org\/{rel}","templated":true}]}}