{"id":1184,"date":"2021-07-19T08:50:49","date_gmt":"2021-07-19T13:50:49","guid":{"rendered":"http:\/\/solcoinco.com\/?post_type=product&#038;p=1184"},"modified":"2021-07-19T17:25:34","modified_gmt":"2021-07-19T22:25:34","slug":"serie-tm-medidores-de-agua","status":"publish","type":"product","link":"https:\/\/solcoinco.com\/?product=serie-tm-medidores-de-agua","title":{"rendered":"Medidores de flujo tipo turbina para agua Flomec\/GPI (Serie TM)"},"content":{"rendered":"<p>Los medidores de agua de la serie FLOMEC\u00ae TM son precisos, econ\u00f3micos y est\u00e1n dise\u00f1ados para durar.\u00a0Elija los medidores de agua TM para aplicaciones de riego y procesamiento de agua:<\/p>\n<ul>\n<li>Cumple con las especificaciones de PVC Schedule 80<\/li>\n<li>Pantalla est\u00e1ndar de perfil bajo<\/li>\n<li>Siete tama\u00f1os con tres tipos de accesorios disponibles<\/li>\n<li>Caudales de 1 a 600 galones por minuto (3.8 a 2271 L \/ min)<\/li>\n<li>Las versiones de 3 y 4 pulgadas del medidor de la serie TM vienen de serie con la certificaci\u00f3n NSF61 para aplicaciones donde se deben cumplir las regulaciones de agua potable.\u00a0La certificaci\u00f3n NSF le proporciona el conocimiento de que los medidores TM se fabrican con productos y materiales aprobados para la salud y seguridad de cualquier persona que pueda entrar en contacto con el agua de su sistema.<\/li>\n<\/ul>\n<h4><strong>APLICACIONES<\/strong><\/h4>\n<div>\n<div>\n<ul>\n<li>Equipos \/ patines de tratamiento de agua OEM<\/li>\n<li>Sistemas de enfriamiento a base de agua<\/li>\n<li>Agua potable (solo medidores de 3 y 4 pulgadas)<\/li>\n<li>Submedici\u00f3n del uso de agua de la instalaci\u00f3n<\/li>\n<li>Sistemas de alimentaci\u00f3n de productos qu\u00edmicos<\/li>\n<li>Equipo de tratamiento de aguas residuales<\/li>\n<\/ul>\n<\/div>\n<div>\n<ul>\n<li>Monitoreo de fluidos limpios<\/li>\n<li>Irrigaci\u00f3n<\/li>\n<li>Torres de enfriamiento<\/li>\n<li>Por lotes<\/li>\n<li>Mezcla<\/li>\n<li>Agua de proceso de la planta<\/li>\n<\/ul>\n<\/div>\n<\/div>","protected":false},"excerpt":{"rendered":"<h4><strong>CARACTER\u00cdSTICAS Y BENEFICIOS<\/strong><\/h4>\n<ul>\n<li>F\u00e1cil de instalar<\/li>\n<li>Muestra en galones, litros y pies c\u00fabicos<\/li>\n<li>Indica lote, totales acumulados y tasa de flujo<\/li>\n<li>Disponible en espiga, NPT, BSP (solo 1 pulg., 1-\u00bd pulg. Y 2 pulg.), Brida ANSI 150 # (solo 3 pulg. Y 4 pulg.) Y brida DIN (solo 3 pulg. Y 4 pulg. ) accesorios<\/li>\n<li>Totales no vol\u00e1tiles significa que las cantidades se retienen cuando se reemplazan las bater\u00edas o se pierde la energ\u00eda<\/li>\n<li>Duraci\u00f3n de la pila alcalina: 2 a\u00f1os<\/li>\n<\/ul>\n<p style=\"text-align: center;\"><a class=\"button small default\" href=\"http:\/\/solcoinco.com\/productos\/tm-with-Q9-data-sheet.pdf\" target=\"_blank\" rel=\"noopener noreferrer\">FICHA DE DATOS DEL PRODUCTO<\/a><\/p>\n<p style=\"text-align: center;\"><a class=\"button small default\" href=\"http:\/\/solcoinco.com\/productos\/catalogo_flomec_gpi.pdf\" target=\"_blank\" rel=\"noopener noreferrer\">BROCHURE\u00a0<\/a><\/p>\n","protected":false},"featured_media":1186,"comment_status":"closed","ping_status":"closed","template":"","meta":[],"product_brand":[],"product_cat":[76,91],"product_tag":[],"class_list":{"0":"post-1184","1":"product","2":"type-product","3":"status-publish","4":"has-post-thumbnail","6":"product_cat-caudal","7":"product_cat-medidores-transmisores","9":"first","10":"instock","11":"shipping-taxable","12":"product-type-simple"},"_links":{"self":[{"href":"https:\/\/solcoinco.com\/index.php?rest_route=\/wp\/v2\/product\/1184","targetHints":{"allow":["GET"]}}],"collection":[{"href":"https:\/\/solcoinco.com\/index.php?rest_route=\/wp\/v2\/product"}],"about":[{"href":"https:\/\/solcoinco.com\/index.php?rest_route=\/wp\/v2\/types\/product"}],"replies":[{"embeddable":true,"href":"https:\/\/solcoinco.com\/index.php?rest_route=%2Fwp%2Fv2%2Fcomments&post=1184"}],"wp:featuredmedia":[{"embeddable":true,"href":"https:\/\/solcoinco.com\/index.php?rest_route=\/wp\/v2\/media\/1186"}],"wp:attachment":[{"href":"https:\/\/solcoinco.com\/index.php?rest_route=%2Fwp%2Fv2%2Fmedia&parent=1184"}],"wp:term":[{"taxonomy":"product_brand","embeddable":true,"href":"https:\/\/solcoinco.com\/index.php?rest_route=%2Fwp%2Fv2%2Fproduct_brand&post=1184"},{"taxonomy":"product_cat","embeddable":true,"href":"https:\/\/solcoinco.com\/index.php?rest_route=%2Fwp%2Fv2%2Fproduct_cat&post=1184"},{"taxonomy":"product_tag","embeddable":true,"href":"https:\/\/solcoinco.com\/index.php?rest_route=%2Fwp%2Fv2%2Fproduct_tag&post=1184"}],"curies":[{"name":"wp","href":"https:\/\/api.w.org\/{rel}","templated":true}]}}