{"id":1176,"date":"2021-07-19T08:21:27","date_gmt":"2021-07-19T13:21:27","guid":{"rendered":"http:\/\/solcoinco.com\/?post_type=product&#038;p=1176"},"modified":"2021-07-19T17:22:11","modified_gmt":"2021-07-19T22:22:11","slug":"medidores-de-turbina-de-precision-serie-g2","status":"publish","type":"product","link":"https:\/\/solcoinco.com\/?product=medidores-de-turbina-de-precision-serie-g2","title":{"rendered":"Medidores de flujo tipo turbina de precisi\u00f3n Flomec\/GPI (Serie G2)"},"content":{"rendered":"<p>Una l\u00ednea completa de medidores tipo turbina de precisi\u00f3n de la serie FLOMEC\u00ae G2 est\u00e1 disponible en una variedad de materiales de carcasa. Resistente y confiable.<\/p>\n<ul>\n<li>Acero inoxidable para la mayor\u00eda de productos de agua, productos qu\u00edmicos y combustibles<\/li>\n<li>Aluminio para productos a base de petr\u00f3leo<\/li>\n<li>PVDF para productos qu\u00edmicos agresivos<\/li>\n<\/ul>\n<h4><strong>APLICACIONES<\/strong><\/h4>\n<div>\n<div>\n<ul>\n<li>Por lotes<\/li>\n<li>Procesamiento de alimentos y bebidas<\/li>\n<li>Mezcla<\/li>\n<li>Productos combustibles<\/li>\n<li>Agua<\/li>\n<li>Monitoreo de fluidos limpios<\/li>\n<\/ul>\n<\/div>\n<div>\n<ul>\n<li>Fluidos industriales<\/li>\n<li>Agua de proceso de la planta<\/li>\n<li>Soluciones de enchapado<\/li>\n<li>L\u00edneas de alimentaci\u00f3n de productos qu\u00edmicos<\/li>\n<li>Amonio<\/li>\n<li>Productos qu\u00edmicos agresivos (\u00e1cido sulf\u00farico y lej\u00eda)<\/li>\n<\/ul>\n<\/div>\n<\/div>","protected":false},"excerpt":{"rendered":"<h4><strong>CARACTER\u00cdSTICAS Y BENEFICIOS<\/strong><\/h4>\n<ul>\n<li>El medidor est\u00e1 dise\u00f1ado para fluidos delgados &lt;100 cp.<\/li>\n<li>El dise\u00f1o modular permite su uso con m\u00f3dulos de salida, sensores y transmisores remotos.<\/li>\n<li>2 totales (lote = reiniciable, acumulativo = no reiniciable);\u00a0Tasa de flujo, calibrado en f\u00e1brica en galones o litros.\u00a0Calibrable en campo.\u00a0Incluye totales no vol\u00e1tiles.<\/li>\n<li>Medidor de alta precisi\u00f3n<\/li>\n<li>Las piezas internas son f\u00e1ciles de reemplazar para facilitar el mantenimiento.<\/li>\n<li>Duraci\u00f3n de la pila alcalina AAA: 2 a\u00f1os<\/li>\n<\/ul>\n<p style=\"text-align: center;\"><a class=\"button small default\" href=\"http:\/\/solcoinco.com\/productos\/g2-data-sheet-approved.pdf\" target=\"_blank\" rel=\"noopener noreferrer\">FICHA DE DATOS DEL PRODUCTO<\/a><\/p>\n<p style=\"text-align: center;\"><a class=\"button small default\" href=\"http:\/\/solcoinco.com\/productos\/catalogo_flomec_gpi.pdf\" target=\"_blank\" rel=\"noopener noreferrer\">BROCHURE\u00a0<\/a><\/p>\n<p>&nbsp;<\/p>\n","protected":false},"featured_media":1169,"comment_status":"closed","ping_status":"closed","template":"","meta":[],"product_brand":[],"product_cat":[76,91],"product_tag":[],"class_list":{"0":"post-1176","1":"product","2":"type-product","3":"status-publish","4":"has-post-thumbnail","6":"product_cat-caudal","7":"product_cat-medidores-transmisores","9":"first","10":"instock","11":"shipping-taxable","12":"product-type-simple"},"_links":{"self":[{"href":"https:\/\/solcoinco.com\/index.php?rest_route=\/wp\/v2\/product\/1176","targetHints":{"allow":["GET"]}}],"collection":[{"href":"https:\/\/solcoinco.com\/index.php?rest_route=\/wp\/v2\/product"}],"about":[{"href":"https:\/\/solcoinco.com\/index.php?rest_route=\/wp\/v2\/types\/product"}],"replies":[{"embeddable":true,"href":"https:\/\/solcoinco.com\/index.php?rest_route=%2Fwp%2Fv2%2Fcomments&post=1176"}],"wp:featuredmedia":[{"embeddable":true,"href":"https:\/\/solcoinco.com\/index.php?rest_route=\/wp\/v2\/media\/1169"}],"wp:attachment":[{"href":"https:\/\/solcoinco.com\/index.php?rest_route=%2Fwp%2Fv2%2Fmedia&parent=1176"}],"wp:term":[{"taxonomy":"product_brand","embeddable":true,"href":"https:\/\/solcoinco.com\/index.php?rest_route=%2Fwp%2Fv2%2Fproduct_brand&post=1176"},{"taxonomy":"product_cat","embeddable":true,"href":"https:\/\/solcoinco.com\/index.php?rest_route=%2Fwp%2Fv2%2Fproduct_cat&post=1176"},{"taxonomy":"product_tag","embeddable":true,"href":"https:\/\/solcoinco.com\/index.php?rest_route=%2Fwp%2Fv2%2Fproduct_tag&post=1176"}],"curies":[{"name":"wp","href":"https:\/\/api.w.org\/{rel}","templated":true}]}}