{"id":1083,"date":"2021-01-20T14:27:47","date_gmt":"2021-01-20T19:27:47","guid":{"rendered":"http:\/\/solcoinco.com\/?post_type=product&#038;p=1083"},"modified":"2021-01-20T18:05:39","modified_gmt":"2021-01-20T23:05:39","slug":"optris-csmicro-lt-hs","status":"publish","type":"product","link":"https:\/\/solcoinco.com\/?product=optris-csmicro-lt-hs","title":{"rendered":"Optris CSmicro LT\/HS"},"content":{"rendered":"<p>El term\u00f3metro infrarrojo de dimensiones compactas se ha concebido para un rango de temperatura desde -20\u00b0C hasta 150\u00b0C y dispone de un indicador inteligente por LED que puede servir, seg\u00fan necesidad, de alarma, ayuda, autodiagn\u00f3stico o visualizaci\u00f3n del c\u00f3digo de temperatura.<\/p>\n<h4><strong>Caracter\u00edsticas del optris CSmicro LT HS<\/strong><\/h4>\n<h4><strong>Especificaciones de medici\u00f3n<\/strong><\/h4>\n<ul>\n<li>Rango de temperatura\u00a0(escalable v\u00eda software):<br \/>\ndesde\u00a0-20\u00a0&#8230;\u00a0150\u00b0C<\/li>\n<li>Rango espectral: 8 &#8211; 14 \u00b5m<\/li>\n<li>Resoluci\u00f3n \u00f3ptica\u00a0(90 % energ\u00eda):\u00a015:1<\/li>\n<li>Lente CF\u00a0[close focus] (opcional):\u00a03,4 mm @ 50 mm<\/li>\n<li>Precisi\u00f3n del sistema:\u00a0\u00b1 1,0%\u00a0\u00f3 \u00b1 1,0\u00b0C<sup>1)2)<\/sup><\/li>\n<li>Reproducibilidad:\u00a0\u00b1 0,3%\u00a0\u00f3 \u00b1 0,3\u00b0C<sup>1)2)<\/sup><\/li>\n<li>Coeficiente de temperatura:\u00a0\u00b1 0,05 K\/K\u00a0\u00f3 \u00b1 0,05 %\/K<sup>3<\/sup><sup>)<\/sup><\/li>\n<li>NETD:\u00a00,025 K<sup>4)<\/sup><\/li>\n<li>Tiempo de respuesta\u00a0(90%):\u00a0150 ms<\/li>\n<li>Emisividad\/Ganancia\u00a0(ajustable v\u00eda software):\u00a00,100 &#8211; 1,100<\/li>\n<li>Transmisividad\u00a0(ajustable v\u00eda software):\u00a00,100 &#8211; 1,100<\/li>\n<li>Procesamiento de la se\u00f1al (par\u00e1metros ajustables v\u00eda software): Peak hold (retenci\u00f3n de valores), valley hold (borrado de valores), promedio, funci\u00f3n de retenci\u00f3n extendida con umbral y la hist\u00e9resis Dimensiones de la electr\u00f3nica:\u00a0longitud: 35 mm, di\u00e1metro: 12 mm<\/li>\n<li>Software:optris Compact Connect (Windows) IR mobile (Android)<\/li>\n<\/ul>\n<h4><strong>Especificaciones generales<\/strong><\/h4>\n<ul>\n<li>Clase de protecci\u00f3n:\u00a0IP 65 (NEMA-4)<\/li>\n<li>Temperatura Ambiente:<br \/>\n\u201320 &#8230; 75 \u00b0C (cabezal de sensado)<br \/>\n\u201320 &#8230; 80 \u00b0C (Electr\u00f3nica)<br \/>\n\u201320 &#8230; 75 \u00b0C (Electr\u00f3nica \/ mA-Version)<sup>5)<\/sup><\/li>\n<li>\u00a0Temperatura de almacenaje\u00a0-40\u00b0C\u00a0&#8230;\u00a085\u00b0C<\/li>\n<li>Humedad relativa de aire: 10 &#8211; 95%,\u00a0sin condensaci\u00f3n<\/li>\n<li>Vibraci\u00f3n:\u00a0IEC 60068-2-6 \/ -64<\/li>\n<li>Shock: IEC60068-2-27 (25 G y 50 G)<\/li>\n<li>Peso: 200 g<\/li>\n<\/ul>\n<h3>Especificaciones el\u00e9ctricas<\/h3>\n<ul>\n<li>Salida \/ an\u00e1loga: 0 \u2013 5\/10 V (mV version) o 4 \u2013 20 mA (mA version)<\/li>\n<li>Salida\/alarma: 0 \u2013 30 V \/ 50 mA (colector abierto) (mA version: 500 mA)<\/li>\n<li>Salida \/ digital:\u00a0uni- \/ bidirectional, 9,6 kBaud, 0\/3 V digital level \/ USB opcional<\/li>\n<li>Entrada (0 &#8211; 10 V):\u00a0Entrada funcional programable para la configuraci\u00f3n de la emisividad externa<sup>6)<\/sup>\u00a0\/ compensaci\u00f3n de la temperatura ambiente<sup>6)<\/sup>, se\u00f1al activa o funci\u00f3n Peak hold<\/li>\n<li>Funciones del LED: Indicaci\u00f3n de alarma, asistencia autom\u00e1tica, autodiagn\u00f3stico, indicaci\u00f3n de la temperatura (V\u00eda c\u00f3digo de temperatura)<\/li>\n<li>Longitud del cable:\u00a01 m est\u00e1ndar, 3,5 m opcional (0,5 m entre la cabezal de sensado y la electr\u00f3nica)<\/li>\n<li>Alimentaci\u00f3n: 5-30 V DC<\/li>\n<\/ul>\n<p><img loading=\"lazy\" decoding=\"async\" class=\"alignright\" src=\"https:\/\/www.optris.es\/assets\/images\/4\/qr-code-5ed6c694.png\" width=\"103\" height=\"103\" \/><\/p>\n<p style=\"text-align: right;\"><span style=\"color: #000000;\"><a class=\"button small orange\" style=\"color: #000000;\" href=\"https:\/\/www.optris.es\/calculador-del-punto-de-medicion\">Calculador \u00d3ptico<\/a><\/span><\/p>\n<h4><\/h4>\n<h4><strong>Campos de aplicaci\u00f3n del pir\u00f3metro optris CSmicro LT HS<\/strong><\/h4>\n<p><span style=\"color: #000000;\">El term\u00f3metro IR optris CSmicro LT HS mide incluso las diferencias m\u00e1s peque\u00f1as de temperatura y se aplica en aquellos lugares donde la medici\u00f3n exacta de la temperatura juega un papel primordial.<\/span><\/p>\n<p><span style=\"color: #000000;\">As\u00ed por ejemplo, el term\u00f3metro infrarrojo no s\u00f3lo se utiliza en la industria de semiconductores para la\u00a0prueba de funcionamiento de las placas de circuitos impresos, sino tambi\u00e9n en otros sectores industriales, en los que es imprescindible una medici\u00f3n de la temperatura sin contacto ininterrumpida y de alta precisi\u00f3n.<\/span><\/p>","protected":false},"excerpt":{"rendered":"<p>El pir\u00f3metro optris CSmicro LT HS satisface nuevos est\u00e1ndares en rendimiento para la medici\u00f3n de diferencias de temperaturas muy peque\u00f1as de 0,025 K (homogeneidad). Por el peque\u00f1o tama\u00f1o del cabezal de sensado de acero inoxidable es ideal, adem\u00e1s, para su montaje en entornos particularmente peque\u00f1os.<\/p>\n<p><span style=\"color: #ff0000;\">Novedad:<\/span> la serie CSmicro se puede manejar ahora tambi\u00e9n a trav\u00e9s de la nueva aplicaci\u00f3n m\u00f3vil por infrarrojos (Android). La aplicaci\u00f3n permite controlar y analizar mediciones de temperatura por infrarrojos a trav\u00e9s del smartphone o la tableta.<\/p>\n<p><a class=\"button small default\" href=\"http:\/\/solcoinco.com\/productos\/csmicro-lt-hs.pdf\" target=\"_blank\" rel=\"noopener noreferrer\">Informaci\u00f3n T\u00e9cnica<\/a><\/p>\n<p><a class=\"button small default\" href=\"http:\/\/solcoinco.com\/productos\/folleto-de-aplicacion-metal.pdf\" target=\"_blank\" rel=\"noopener noreferrer\">Folleto de aplicaci\u00f3n en metales\u00a0<\/a><\/p>\n<p><img decoding=\"async\" class=\"alignright\" src=\"https:\/\/www.optris.es\/assets\/images\/4\/qr-code-5ed6c694.png\" \/><img decoding=\"async\" class=\"alignright\" src=\"https:\/\/www.optris.es\/tl_files\/bilder\/products\/kompaktserie\/cs-micro\/google-play-badge-ES.png\" alt=\"\" width=\"150\" \/><\/p>\n","protected":false},"featured_media":618,"comment_status":"closed","ping_status":"closed","template":"","meta":[],"product_brand":[],"product_cat":[63,66,70],"product_tag":[],"class_list":{"0":"post-1083","1":"product","2":"type-product","3":"status-publish","4":"has-post-thumbnail","6":"product_cat-temperatura","7":"product_cat-medicion-infrarroja","8":"product_cat-termometros","10":"first","11":"instock","12":"shipping-taxable","13":"product-type-simple"},"_links":{"self":[{"href":"https:\/\/solcoinco.com\/index.php?rest_route=\/wp\/v2\/product\/1083","targetHints":{"allow":["GET"]}}],"collection":[{"href":"https:\/\/solcoinco.com\/index.php?rest_route=\/wp\/v2\/product"}],"about":[{"href":"https:\/\/solcoinco.com\/index.php?rest_route=\/wp\/v2\/types\/product"}],"replies":[{"embeddable":true,"href":"https:\/\/solcoinco.com\/index.php?rest_route=%2Fwp%2Fv2%2Fcomments&post=1083"}],"wp:featuredmedia":[{"embeddable":true,"href":"https:\/\/solcoinco.com\/index.php?rest_route=\/wp\/v2\/media\/618"}],"wp:attachment":[{"href":"https:\/\/solcoinco.com\/index.php?rest_route=%2Fwp%2Fv2%2Fmedia&parent=1083"}],"wp:term":[{"taxonomy":"product_brand","embeddable":true,"href":"https:\/\/solcoinco.com\/index.php?rest_route=%2Fwp%2Fv2%2Fproduct_brand&post=1083"},{"taxonomy":"product_cat","embeddable":true,"href":"https:\/\/solcoinco.com\/index.php?rest_route=%2Fwp%2Fv2%2Fproduct_cat&post=1083"},{"taxonomy":"product_tag","embeddable":true,"href":"https:\/\/solcoinco.com\/index.php?rest_route=%2Fwp%2Fv2%2Fproduct_tag&post=1083"}],"curies":[{"name":"wp","href":"https:\/\/api.w.org\/{rel}","templated":true}]}}