{"id":1072,"date":"2020-11-24T08:26:52","date_gmt":"2020-11-24T13:26:52","guid":{"rendered":"http:\/\/solcoinco.com\/?post_type=product&#038;p=1072"},"modified":"2020-11-24T08:26:52","modified_gmt":"2020-11-24T13:26:52","slug":"fuentes-de-calibracion-para-infrarrojos-cuerpo-negro-blackbody","status":"publish","type":"product","link":"https:\/\/solcoinco.com\/?product=fuentes-de-calibracion-para-infrarrojos-cuerpo-negro-blackbody","title":{"rendered":"FUENTES DE CALIBRACI\u00d3N PARA INFRARROJOS \/ CUERPO NEGRO &#8211; BLACKBODY"},"content":{"rendered":"<h1>Fuente de referencia a temperatura ambiente BR 20AR<\/h1>\n<figure class=\"image_container float_right\"><a title=\"Fuente de referencia a temperature ambiente BR 20AR\" href=\"https:\/\/www.optris.es\/tl_files\/bilder\/application\/Fever%20screening\/Refstrahler%20H1-4%20G3.png\" data-lightbox=\"68749b\"><img loading=\"lazy\" decoding=\"async\" class=\"alignright\" src=\"https:\/\/www.optris.es\/assets\/images\/9\/Refstrahler%20H1-4%20G3-3779e8f9.png\" alt=\"Fuente de referencia a temperature ambiente BR 20AR\" width=\"170\" height=\"177\" \/><\/a><\/figure>\n<p>Para mejorar la precisi\u00f3n de la c\u00e1mara la c\u00e1mara PI 450i T010 una fuente de referencia con una alta emisividad y una estable y conocida la temperatura debe colocarse en el mismo campo de visi\u00f3n pr\u00f3ximo al sujeto a escanear.<\/p>\n<p>La fuente de referencia ambiental BR 20AR es equipado con una sonda de temperatura con precisi\u00f3n de\u00a0<strong>+\/- 0.1 \u00b0 C<\/strong>.<\/p>\n<p>Al integrar esta se\u00f1al de referencia que es altamente precisa a nuestro software PIX Connect, podemos reducir las incertidumbres de la c\u00e1mara como resultado del ajuste del dispositivo, deriva de temperatura ambiente y estabilidad a corto plazo hasta un sistema precisi\u00f3n de\u00a0<strong>+\/- 0.5 \u00b0 C<\/strong>.<\/p>\n<p><em>Aplicaciones:<\/em>\u00a0<a href=\"https:\/\/www.optris.es\/sistemas-de-deteccion-de-fiebre\">Detecci\u00f3n de fiebre sistemas<\/a><\/p>\n<p>&nbsp;<\/p>\n<p><b>Caracter\u00edsticas<\/b><strong>\u00a0relevantes:<br \/>\n<\/strong><\/p>\n<ul class=\"compressed-list\">\n<li>Rango de temperatura dedicado:\u00a0+ 18 \u00b0C &#8230; 33\u00b0C<\/li>\n<li>Emissividad:\u00a00.95 +\/-0.02 (para 8 &#8211; 14 \u03bcm)<\/li>\n<li>Precisi\u00f3n de la sonda de temperatura:\u00a0+\/-0.1 \u00b0C \/ desv\u00edo: 0.0073 \u00b0C<\/li>\n<li>Precisi\u00f3n de PI450i con BR 20AR:\u00a0+\/-0.5 \u00b0C (TObj\u00a030 \u00b0C &#8230; 40 \u00b0C)<\/li>\n<li>Dimensi\u00f3n:\u00a020 cm x 20 cm x 8.2 cm<\/li>\n<li>Interfaz:\u00a0conector de 5 pines (conector\u00a0 del PIF)<\/li>\n<\/ul>\n<div class=\"ce_image block\">\n<figure class=\"image_container\"><a href=\"https:\/\/www.optris.es\/tl_files\/bilder\/application\/Fever%20screening\/OPT_graphic_fever-screening_PI450iT010_O18_es_C.jpg\" data-lightbox=\"51cf1d\"><img loading=\"lazy\" decoding=\"async\" src=\"https:\/\/www.optris.es\/tl_files\/bilder\/application\/Fever%20screening\/OPT_graphic_fever-screening_PI450iT010_O18_es_C.jpg\" alt=\"\" width=\"2098\" height=\"1540\" \/><\/a><\/figure>\n<\/div>\n<div class=\"ce_text block\">\n<h2>Caracter\u00edsticas clave<\/h2>\n<ul>\n<li>\u00a0Fuente de referencia con alta emisividad ideal para\u00a0 c\u00e1mara IR y aplicaciones de detecci\u00f3n de fiebre<\/li>\n<li>\u00a0Sensor de temperatura digital integrado de 16 bits con Precisi\u00f3n de 0.1 \u00b0 C<\/li>\n<li>\u00a0Soporte de montaje &#8211; ajustable para techo o montaje\u00a0 en la pared<\/li>\n<li>\u00a0Instalaci\u00f3n plug-and-play con cable de 20 m y PI 450i para conectar el cable PIF<\/li>\n<\/ul>\n<\/div>\n<div class=\"ce_download block\">\n<p><img loading=\"lazy\" decoding=\"async\" class=\"mime_icon\" src=\"https:\/\/www.optris.es\/assets\/contao\/images\/iconPDF.gif\" alt=\"Descargar BR20AR DS-ES2020-05-A.pdf\" width=\"18\" height=\"18\" \/><a title=\"Descargar BR20AR DS-ES2020-05-A.pdf\" href=\"https:\/\/www.optris.es\/fuente-de-calibracion?file=tl_files\/pdf\/Downloads\/Weitere%20Produkte\/Spanisch\/BR20AR%20DS-ES2020-05-A.pdf\">Data Sheet optris BR 20AR\u00a0<span class=\"size\">(649.1 KB)<\/span><\/a><\/p>\n<\/div>\n<div class=\"ce_download block\">\n<p><img loading=\"lazy\" decoding=\"async\" class=\"mime_icon\" src=\"https:\/\/www.optris.es\/assets\/contao\/images\/iconPDF.gif\" alt=\"Descargar Manual optris BR20AR.pdf\" width=\"18\" height=\"18\" \/><a title=\"Descargar Manual optris BR20AR.pdf\" href=\"https:\/\/www.optris.es\/fuente-de-calibracion?file=tl_files\/downloads\/Manuals\/Englisch\/Accessories\/Manual%20optris%20BR20AR.pdf\">Manual optris BR 20AR\u00a0<span class=\"size\">(1.1 MB)<\/span><\/a><\/p>\n<p>&nbsp;<\/p>\n<\/div>\n<p><span style=\"font-size: 30px; letter-spacing: 0px;\">Fuente de Calibraci\u00f3n optris BR400<\/span><\/p>\n<div class=\"ce_text block\">\n<p><strong>Par\u00e1metros importantes<\/strong><\/p>\n<ul class=\"compressed-list\">\n<li>Rango de temperatura:T<sub>amb\u00a0<\/sub>+ 5\u00b0C &#8211; 400\u00b0C<\/li>\n<li>Resoluci\u00f3n de temperatura: 0.1\u00b0C<img decoding=\"async\" class=\"alignright\" src=\"https:\/\/www.optris.es\/tl_files\/bilder\/Zubehoer\/Kalibrierstrahler\/br-400.jpg\" alt=\"br-400.jpg\" \/><\/li>\n<li>Dimensiones (H x\u00a0W x D):325 mm x 230 mm x 230 mm<\/li>\n<li>Apertura:128 mm<\/li>\n<\/ul>\n<\/div>\n<div class=\"ce_text block\">\n<p><strong>Sus Ventajas<\/strong><\/p>\n<ul>\n<li>Homogeneidad excelente, precisi\u00f3n y estabilidad a largo plazo<\/li>\n<li>Dise\u00f1o compacto y resistente<\/li>\n<li>Perfecto para una calibraci\u00f3n in situ y prueba de sensores infrarrojos<\/li>\n<\/ul>\n<\/div>\n<p><a title=\"Descargar Data Sheet optris BR 400.pdf\" href=\"https:\/\/www.optris.es\/fuente-de-calibracion?file=tl_files\/pdf\/Downloads\/Weitere%20Produkte\/Englisch\/Data%20Sheet%20optris%20BR%20400.pdf\">Data Sheet optris BR 400.pdf\u00a0<span class=\"size\">(388.2 KB)<\/span><\/a><\/p>","protected":false},"excerpt":{"rendered":"<p>Para mejorar la precisi\u00f3n de la c\u00e1mara la c\u00e1mara PI 450i T010 y Xi400 T010 una fuente de referencia con una alta emisividad y una estable y conocida temperatura debe colocarse en el mismo campo de visi\u00f3n pr\u00f3ximo al sujeto a escanear.<\/p>\n<p>La fuente de referencia ambiental BR 20AR es equipado con una sonda de temperatura con precisi\u00f3n de\u00a0<strong>+\/- 0.1 \u00b0 C<\/strong>.<\/p>\n<p><em>Aplicaciones:<\/em>\u00a0<a href=\"https:\/\/www.optris.es\/sistemas-de-deteccion-de-fiebre\">Detecci\u00f3n de fiebre sistemas<\/a><\/p>\n<p><img loading=\"lazy\" decoding=\"async\" class=\"mime_icon\" src=\"https:\/\/www.optris.es\/assets\/contao\/images\/iconPDF.gif\" alt=\"Descargar BR20AR DS-ES2020-05-A.pdf\" width=\"18\" height=\"18\" \/><a title=\"Descargar BR20AR DS-ES2020-05-A.pdf\" href=\"https:\/\/www.optris.es\/fuente-de-calibracion?file=tl_files\/pdf\/Downloads\/Weitere%20Produkte\/Spanisch\/BR20AR%20DS-ES2020-05-A.pdf\">Data Sheet optris BR 20AR\u00a0<span class=\"size\">(649.1 KB)<\/span><\/a><\/p>\n<div class=\"ce_download block\">\n<p><img loading=\"lazy\" decoding=\"async\" class=\"mime_icon\" src=\"https:\/\/www.optris.es\/assets\/contao\/images\/iconPDF.gif\" alt=\"Descargar Manual optris BR20AR.pdf\" width=\"18\" height=\"18\" \/><a title=\"Descargar Manual optris BR20AR.pdf\" href=\"https:\/\/www.optris.es\/fuente-de-calibracion?file=tl_files\/downloads\/Manuals\/Englisch\/Accessories\/Manual%20optris%20BR20AR.pdf\">Manual optris BR 20AR\u00a0<span class=\"size\">(1.1 MB)<\/span><\/a><\/p>\n<\/div>\n<p><img loading=\"lazy\" decoding=\"async\" class=\"mime_icon\" src=\"https:\/\/www.optris.es\/assets\/contao\/images\/iconPDF.gif\" alt=\"Descargar Manual optris BR20AR.pdf\" width=\"18\" height=\"18\" \/><a title=\"Descargar Data Sheet optris BR 400.pdf\" href=\"https:\/\/www.optris.es\/fuente-de-calibracion?file=tl_files\/pdf\/Downloads\/Weitere%20Produkte\/Englisch\/Data%20Sheet%20optris%20BR%20400.pdf\">Data Sheet optris BR 400.pdf\u00a0<span class=\"size\">(388.2 KB)<\/span><\/a><\/p>\n<p>&nbsp;<\/p>\n<p>&nbsp;<\/p>\n","protected":false},"featured_media":1075,"comment_status":"closed","ping_status":"closed","template":"","meta":[],"product_brand":[],"product_cat":[63,66,67],"product_tag":[],"class_list":{"0":"post-1072","1":"product","2":"type-product","3":"status-publish","4":"has-post-thumbnail","6":"product_cat-temperatura","7":"product_cat-medicion-infrarroja","8":"product_cat-camaras","10":"first","11":"instock","12":"shipping-taxable","13":"product-type-simple"},"_links":{"self":[{"href":"https:\/\/solcoinco.com\/index.php?rest_route=\/wp\/v2\/product\/1072","targetHints":{"allow":["GET"]}}],"collection":[{"href":"https:\/\/solcoinco.com\/index.php?rest_route=\/wp\/v2\/product"}],"about":[{"href":"https:\/\/solcoinco.com\/index.php?rest_route=\/wp\/v2\/types\/product"}],"replies":[{"embeddable":true,"href":"https:\/\/solcoinco.com\/index.php?rest_route=%2Fwp%2Fv2%2Fcomments&post=1072"}],"wp:featuredmedia":[{"embeddable":true,"href":"https:\/\/solcoinco.com\/index.php?rest_route=\/wp\/v2\/media\/1075"}],"wp:attachment":[{"href":"https:\/\/solcoinco.com\/index.php?rest_route=%2Fwp%2Fv2%2Fmedia&parent=1072"}],"wp:term":[{"taxonomy":"product_brand","embeddable":true,"href":"https:\/\/solcoinco.com\/index.php?rest_route=%2Fwp%2Fv2%2Fproduct_brand&post=1072"},{"taxonomy":"product_cat","embeddable":true,"href":"https:\/\/solcoinco.com\/index.php?rest_route=%2Fwp%2Fv2%2Fproduct_cat&post=1072"},{"taxonomy":"product_tag","embeddable":true,"href":"https:\/\/solcoinco.com\/index.php?rest_route=%2Fwp%2Fv2%2Fproduct_tag&post=1072"}],"curies":[{"name":"wp","href":"https:\/\/api.w.org\/{rel}","templated":true}]}}