{"id":2760,"date":"2025-04-04T22:01:34","date_gmt":"2025-04-05T03:01:34","guid":{"rendered":"https:\/\/solcoinco.com\/?page_id=2760"},"modified":"2025-04-09T07:55:08","modified_gmt":"2025-04-09T12:55:08","slug":"marcas","status":"publish","type":"page","link":"https:\/\/solcoinco.com\/?page_id=2760","title":{"rendered":"Marcas comercializadas"},"content":{"rendered":"<h5 style=\"text-align: center;\"><strong>Termometr\u00eda Infrarroja que innova: Alemania<\/strong><\/h5>\n<p style=\"text-align: center;\"><a href=\"https:\/\/optris.com\/contact\/local-sales-contacts\/\" target=\"_blank\" rel=\"noopener\"><img loading=\"lazy\" decoding=\"async\" class=\"wp-image-2770 alignnone\" src=\"https:\/\/solcoinco.com\/wp-content\/uploads\/2025\/04\/optris-2025-1024x345.png\" alt=\"\" width=\"371\" height=\"125\" srcset=\"https:\/\/solcoinco.com\/wp-content\/uploads\/2025\/04\/optris-2025-1024x345.png 1024w, https:\/\/solcoinco.com\/wp-content\/uploads\/2025\/04\/optris-2025-300x101.png 300w, https:\/\/solcoinco.com\/wp-content\/uploads\/2025\/04\/optris-2025-768x259.png 768w, https:\/\/solcoinco.com\/wp-content\/uploads\/2025\/04\/optris-2025-1536x518.png 1536w, https:\/\/solcoinco.com\/wp-content\/uploads\/2025\/04\/optris-2025-2048x690.png 2048w, https:\/\/solcoinco.com\/wp-content\/uploads\/2025\/04\/optris-2025-600x202.png 600w\" sizes=\"auto, (max-width: 371px) 100vw, 371px\" \/><\/a><\/p>\n<h5 style=\"text-align: center;\"><strong>Medici\u00f3n especial para color, distancia y otras aplicaciones exigentes: Alemania<\/strong><\/h5>\n<p style=\"text-align: center;\"><a href=\"https:\/\/www.sensorinstruments.de\/sales.php?subpage=16&amp;language=en\" target=\"_blank\" rel=\"noopener\"><img loading=\"lazy\" decoding=\"async\" class=\"size-medium wp-image-1042 alignnone\" src=\"https:\/\/solcoinco.com\/wp-content\/uploads\/2020\/05\/LOGO_SENSOR-INSTRUMENS_GMAIL-300x81.png\" alt=\"\" width=\"300\" height=\"81\" srcset=\"https:\/\/solcoinco.com\/wp-content\/uploads\/2020\/05\/LOGO_SENSOR-INSTRUMENS_GMAIL-300x81.png 300w, https:\/\/solcoinco.com\/wp-content\/uploads\/2020\/05\/LOGO_SENSOR-INSTRUMENS_GMAIL.png 432w\" sizes=\"auto, (max-width: 300px) 100vw, 300px\" \/><\/a><\/p>\n<h5><\/h5>\n<h5 style=\"text-align: center;\"><strong>Instrumentos para automatizaci\u00f3n de procesos : Italia<\/strong><\/h5>\n<p style=\"text-align: center;\"><a href=\"https:\/\/www.pixsys.net\/en\/controllers-indicators\/advanced-pid-controllers\" target=\"_blank\" rel=\"noopener\"><img loading=\"lazy\" decoding=\"async\" class=\"alignnone size-medium wp-image-1041\" src=\"https:\/\/solcoinco.com\/wp-content\/uploads\/2020\/05\/LOGO_PIXSYS_GMAIL-300x106.png\" alt=\"\" width=\"300\" height=\"106\" srcset=\"https:\/\/solcoinco.com\/wp-content\/uploads\/2020\/05\/LOGO_PIXSYS_GMAIL-300x106.png 300w, https:\/\/solcoinco.com\/wp-content\/uploads\/2020\/05\/LOGO_PIXSYS_GMAIL.png 378w\" sizes=\"auto, (max-width: 300px) 100vw, 300px\" \/><\/a><\/p>\n<p>&nbsp;<\/p>\n<h5 style=\"text-align: center;\"><strong>Sensores para control de nivel robustos y personalizables: Italia<\/strong><a href=\"https:\/\/www.camlogic.it\/es\/line\/sensores-rotativos-de-paleta\" target=\"_blank\" rel=\"noopener\"><img loading=\"lazy\" decoding=\"async\" class=\"size-medium wp-image-2815 aligncenter\" src=\"https:\/\/solcoinco.com\/wp-content\/uploads\/2025\/04\/camlogic_-300x80.png\" alt=\"\" width=\"300\" height=\"80\" srcset=\"https:\/\/solcoinco.com\/wp-content\/uploads\/2025\/04\/camlogic_-300x80.png 300w, https:\/\/solcoinco.com\/wp-content\/uploads\/2025\/04\/camlogic_-1024x273.png 1024w, https:\/\/solcoinco.com\/wp-content\/uploads\/2025\/04\/camlogic_-768x204.png 768w, https:\/\/solcoinco.com\/wp-content\/uploads\/2025\/04\/camlogic_-600x160.png 600w, https:\/\/solcoinco.com\/wp-content\/uploads\/2025\/04\/camlogic_.png 1469w\" sizes=\"auto, (max-width: 300px) 100vw, 300px\" \/><\/a><\/h5>\n<p>&nbsp;<\/p>\n<h5 style=\"text-align: center;\"><strong>Medidores de flujo para toda la industria: USA<\/strong><\/h5>\n<p><a href=\"https:\/\/www.flomec.com.au\/products\/g2-series-flow-meter\" target=\"_blank\" rel=\"noopener\"><img loading=\"lazy\" decoding=\"async\" class=\"size-medium wp-image-1265 aligncenter\" src=\"https:\/\/solcoinco.com\/wp-content\/uploads\/2020\/05\/FLOMEC_2C-300x60.png\" alt=\"\" width=\"300\" height=\"60\" srcset=\"https:\/\/solcoinco.com\/wp-content\/uploads\/2020\/05\/FLOMEC_2C-300x60.png 300w, https:\/\/solcoinco.com\/wp-content\/uploads\/2020\/05\/FLOMEC_2C-768x154.png 768w, https:\/\/solcoinco.com\/wp-content\/uploads\/2020\/05\/FLOMEC_2C-600x120.png 600w, https:\/\/solcoinco.com\/wp-content\/uploads\/2020\/05\/FLOMEC_2C.png 890w\" sizes=\"auto, (max-width: 300px) 100vw, 300px\" \/><\/a><\/p>\n<h5><\/h5>\n<h5><\/h5>\n<h5 style=\"text-align: center;\"><strong>Electr\u00f3nica de potencia: Colombia<\/strong><\/h5>\n<p><a href=\"https:\/\/solcoinco.com\/wp-content\/uploads\/2020\/05\/LOGO_OPTEC_GMAIL.png\"><img loading=\"lazy\" decoding=\"async\" class=\"wp-image-1039 aligncenter\" src=\"https:\/\/solcoinco.com\/wp-content\/uploads\/2020\/05\/LOGO_OPTEC_GMAIL-300x90.png\" alt=\"\" width=\"300\" height=\"90\" srcset=\"https:\/\/solcoinco.com\/wp-content\/uploads\/2020\/05\/LOGO_OPTEC_GMAIL-300x90.png 300w, https:\/\/solcoinco.com\/wp-content\/uploads\/2020\/05\/LOGO_OPTEC_GMAIL.png 410w\" sizes=\"auto, (max-width: 300px) 100vw, 300px\" \/><\/a><\/p>\n<h5><\/h5>\n<h5 style=\"text-align: center;\"><strong>Integradores de las marcas:<\/strong><\/h5>\n<p><img loading=\"lazy\" decoding=\"async\" class=\"alignnone wp-image-1038 aligncenter\" src=\"https:\/\/solcoinco.com\/wp-content\/uploads\/2020\/05\/LOGO_KOBOLD_GMAIL-150x150.jpg\" alt=\"\" width=\"58\" height=\"58\" srcset=\"https:\/\/solcoinco.com\/wp-content\/uploads\/2020\/05\/LOGO_KOBOLD_GMAIL-150x150.jpg 150w, https:\/\/solcoinco.com\/wp-content\/uploads\/2020\/05\/LOGO_KOBOLD_GMAIL-100x100.jpg 100w, https:\/\/solcoinco.com\/wp-content\/uploads\/2020\/05\/LOGO_KOBOLD_GMAIL.jpg 159w\" sizes=\"auto, (max-width: 58px) 100vw, 58px\" \/><img loading=\"lazy\" decoding=\"async\" class=\"alignnone wp-image-1037 aligncenter\" src=\"https:\/\/solcoinco.com\/wp-content\/uploads\/2020\/05\/LOGO_AUTONICS_GMAIL-300x111.png\" alt=\"\" width=\"108\" height=\"40\" srcset=\"https:\/\/solcoinco.com\/wp-content\/uploads\/2020\/05\/LOGO_AUTONICS_GMAIL-300x111.png 300w, https:\/\/solcoinco.com\/wp-content\/uploads\/2020\/05\/LOGO_AUTONICS_GMAIL.png 369w\" sizes=\"auto, (max-width: 108px) 100vw, 108px\" \/><img loading=\"lazy\" decoding=\"async\" class=\"alignnone wp-image-1043 aligncenter\" src=\"https:\/\/solcoinco.com\/wp-content\/uploads\/2020\/05\/LOGO_WATLOW_GMAIL-300x68.png\" alt=\"\" width=\"109\" height=\"25\" srcset=\"https:\/\/solcoinco.com\/wp-content\/uploads\/2020\/05\/LOGO_WATLOW_GMAIL-300x68.png 300w, https:\/\/solcoinco.com\/wp-content\/uploads\/2020\/05\/LOGO_WATLOW_GMAIL.png 471w\" sizes=\"auto, (max-width: 109px) 100vw, 109px\" \/><\/p>","protected":false},"excerpt":{"rendered":"<p>Termometr\u00eda Infrarroja que innova: Alemania Medici\u00f3n especial para color, distancia y otras aplicaciones exigentes: Alemania Instrumentos para automatizaci\u00f3n de procesos : Italia &nbsp; Sensores para control de nivel robustos y personalizables: Italia &nbsp; Medidores de flujo para toda la industria: USA Electr\u00f3nica de potencia: Colombia Integradores de las marcas:<\/p>\n","protected":false},"author":1,"featured_media":0,"parent":0,"menu_order":0,"comment_status":"closed","ping_status":"closed","template":"","meta":{"footnotes":""},"class_list":["post-2760","page","type-page","status-publish","hentry"],"_links":{"self":[{"href":"https:\/\/solcoinco.com\/index.php?rest_route=\/wp\/v2\/pages\/2760","targetHints":{"allow":["GET"]}}],"collection":[{"href":"https:\/\/solcoinco.com\/index.php?rest_route=\/wp\/v2\/pages"}],"about":[{"href":"https:\/\/solcoinco.com\/index.php?rest_route=\/wp\/v2\/types\/page"}],"author":[{"embeddable":true,"href":"https:\/\/solcoinco.com\/index.php?rest_route=\/wp\/v2\/users\/1"}],"replies":[{"embeddable":true,"href":"https:\/\/solcoinco.com\/index.php?rest_route=%2Fwp%2Fv2%2Fcomments&post=2760"}],"version-history":[{"count":25,"href":"https:\/\/solcoinco.com\/index.php?rest_route=\/wp\/v2\/pages\/2760\/revisions"}],"predecessor-version":[{"id":2792,"href":"https:\/\/solcoinco.com\/index.php?rest_route=\/wp\/v2\/pages\/2760\/revisions\/2792"}],"wp:attachment":[{"href":"https:\/\/solcoinco.com\/index.php?rest_route=%2Fwp%2Fv2%2Fmedia&parent=2760"}],"curies":[{"name":"wp","href":"https:\/\/api.w.org\/{rel}","templated":true}]}}